{"version":"1.0","provider_name":"Festival PopPlus Em Casa 2021","provider_url":"https:\/\/popplus.com.br\/festival2021","author_name":"root","author_url":"https:\/\/popplus.com.br\/festival2021\/author\/root\/","title":"Debate - Direitos da Pessoa Gorda - Festival PopPlus Em Casa 2021","type":"rich","width":600,"height":338,"html":"<blockquote class=\"wp-embedded-content\" data-secret=\"Y3DRDNEnXV\"><a href=\"https:\/\/popplus.com.br\/festival2021\/programacao\/debate-direitos-da-pessoa-gorda\/\">Debate &#8211; Direitos da Pessoa Gorda<\/a><\/blockquote><iframe sandbox=\"allow-scripts\" security=\"restricted\" src=\"https:\/\/popplus.com.br\/festival2021\/programacao\/debate-direitos-da-pessoa-gorda\/embed\/#?secret=Y3DRDNEnXV\" width=\"600\" height=\"338\" title=\"&#8220;Debate &#8211; Direitos da Pessoa Gorda&#8221; &#8212; Festival PopPlus Em Casa 2021\" data-secret=\"Y3DRDNEnXV\" frameborder=\"0\" marginwidth=\"0\" marginheight=\"0\" scrolling=\"no\" class=\"wp-embedded-content\"><\/iframe><script type=\"text\/javascript\">\n\/* <![CDATA[ *\/\n\/*! This file is auto-generated *\/\n!function(d,l){\"use strict\";l.querySelector&&d.addEventListener&&\"undefined\"!=typeof URL&&(d.wp=d.wp||{},d.wp.receiveEmbedMessage||(d.wp.receiveEmbedMessage=function(e){var t=e.data;if((t||t.secret||t.message||t.value)&&!\/[^a-zA-Z0-9]\/.test(t.secret)){for(var s,r,n,a=l.querySelectorAll('iframe[data-secret=\"'+t.secret+'\"]'),o=l.querySelectorAll('blockquote[data-secret=\"'+t.secret+'\"]'),c=new RegExp(\"^https?:$\",\"i\"),i=0;i<o.length;i++)o[i].style.display=\"none\";for(i=0;i<a.length;i++)s=a[i],e.source===s.contentWindow&&(s.removeAttribute(\"style\"),\"height\"===t.message?(1e3<(r=parseInt(t.value,10))?r=1e3:~~r<200&&(r=200),s.height=r):\"link\"===t.message&&(r=new URL(s.getAttribute(\"src\")),n=new URL(t.value),c.test(n.protocol))&&n.host===r.host&&l.activeElement===s&&(d.top.location.href=t.value))}},d.addEventListener(\"message\",d.wp.receiveEmbedMessage,!1),l.addEventListener(\"DOMContentLoaded\",function(){for(var e,t,s=l.querySelectorAll(\"iframe.wp-embedded-content\"),r=0;r<s.length;r++)(t=(e=s[r]).getAttribute(\"data-secret\"))||(t=Math.random().toString(36).substring(2,12),e.src+=\"#?secret=\"+t,e.setAttribute(\"data-secret\",t)),e.contentWindow.postMessage({message:\"ready\",secret:t},\"*\")},!1)))}(window,document);\n\/\/# sourceURL=https:\/\/popplus.com.br\/festival2021\/wp-includes\/js\/wp-embed.min.js\n\/* ]]> *\/\n<\/script>\n","thumbnail_url":"https:\/\/popplus.com.br\/festival2021\/wp-content\/uploads\/2021\/03\/POP_FES_carrossel-debate-01.jpg","thumbnail_width":1080,"thumbnail_height":1080,"description":"Participantes: Rayane Souza; Keit Lima e Vanessa Almeida Media\u00e7\u00e3o: Jessica Balbino J\u00e9ssica Balbino \u00c9 jornalista e acredita que as narrativas podem transformar o mundo. Mestre em comunica\u00e7\u00e3o pela Unicamp, \u00e9 premiada pelo Estado de Minas Gerais com o projeto Margens e pelo Minc com o livro-reportagem &#8220;Hip-Hop &#8211; A Cultura Marginal&#8221;. Recebeu tamb\u00e9m, por dois [&hellip;]"}

Participantes: Rayane Souza; Keit Lima e Vanessa Almeida Mediação: Jessica Balbino Jéssica Balbino É jornalista e acredita que as narrativas podem transformar o mundo. Mestre em comunicação pela Unicamp, é premiada pelo Estado de Minas Gerais com o projeto Margens e pelo Minc com o livro-reportagem &#8220;Hip-Hop &#8211; A Cultura Marginal&#8221;. Recebeu também, por dois [&hellip;]
